*f + 7, 3*d - 17 = -4*f. Suppose -20 = -b - 4*m, -4*b - f*m + 80 = -m. What is the remainder when h is divided by b?
18
Suppose 0 = 3*n + 2*q - 255, 2*n = -2*n + 2*q + 326. Calculate the remainder when n is divided by 17.
15
Let l(d) = d + 11. Calculate the remainder when l(-6) is divided by 3.
2
Let o = -5 - -30. What is the remainder when 48 is divided by o?
23
Let k(n) = n**3 + 2*n**2 - n. What is the remainder when 5 is divided by k(1)?
1
Let p be -12 + -2*(-9)/6. Calculate the remainder when (-393)/p - (-3)/9 is divided by -1*(1 - -1) + 17.
14
Let g(z) = z**3 - 9*z**2 + 7*z - 60. Let i(r) = -9*r**3 - 2*r**2 + 1. Calculate the remainder when i(-1) is divided by g(9).
2
Suppose -5*x + 180 = -5*l, -5*x + 4*l = 2*l - 165. Calculate the remainder when 91 is divided by x.
29
Let p(z) = -z**2 - 3*z + 3. Let v(n) = -2*n + 2. Let l be v(3). Let m(o) = -o**3 - 3*o**2 + 3*o + 3. What is the remainder when m(l) is divided by p(-3)?
1
Suppose 210 = 21*d - 16*d. Let f be 8/(-4) - (2 + -4). Suppose 66 = -f*l + 3*l. What is the remainder when d is divided by l?
20
Suppose -t + 83 = 4*l - 4*t, 0 = -4*l + 4*t + 88. Calculate the remainder when l is divided by 10.
7
Let u(x) = x**2 + 6. Let b(t) = t**2 + 7. Let s(o) = -4*o**2. Let c be s(-1). Let v(d) = c*b(d) + 5*u(d). What is the remainder when 20 is divided by v(3)?
9
Suppose -3*d + 8 = -13. Calculate the remainder when 20 is divided by d.
6
Let x(q) = -q**2 + 7*q - 1. Let i be x(6). Suppose -p + 24 = i. Calculate the remainder when p is divided by 7.
5
Let l(o) = 4*o - 4. Suppose -r = 4*z - 5, -2*r + 1 = 5*z - 3. Suppose -3*y = -6*u + z*u - 73, 2*y = 4*u + 42. Calculate the remainder when y is divided by l(5).
15
Let r(a) = 1 + 7*a**2 + 4*a**2 - 7 - 9*a + 9 - a**3. What is the remainder when 24 is divided by r(10)?
11
Let a = 24 + -18. What is the remainder when a is divided by 3?
0
Calculate the remainder when (16/(-10))/((-1)/30) is divided by 10.
8
Let y(u) = u + 4. Let t be y(-4). Calculate the remainder when 1 + 14 + t + 2 is divided by (20/12 - 1) + 50/6.
8
Suppose 17 = 4*p - 11. Calculate the remainder when (-3*1)/((-6)/52) is divided by 0 - (-2 - 0)*p.
12
Suppose -r + 23 = -0*r. Let o = r - 11. Calculate the remainder when 47 is divided by o.
11
Suppose -4*j + 4*t = -188, j + 5*t = 53 - 6. What is the remainder when j is divided by 16?
15
Suppose -2*n - 5*o = -n - 22, 4*n = -2*o + 142. Calculate the remainder when n is divided by 19.
18
Let o(q) = 3*q + 18. Let c be o(6). Suppose -6 = -2*l + c. What is the remainder when 59 is divided by l?
17
Let b be (-38)/5 - (-2)/(-5). Let o(j) = -j**3 + 6*j**2 - 5*j + 5. Let y be o(4). Let f = y + b. What is the remainder when 16 is divided by f?
7
Let g(p) = p**3 - 2*p**2 + 2*p - 2. Let m be g(2). Let q = m + 5. What is the remainder when (-1 + -1 - 0) + 21 is divided by q?
5
Suppose 0 = 3*n + 3*x - 39, 3*x - 12 + 3 = 0. Calculate the remainder when 18 is divided by n.
8
Let c(y) = y**3 - 5*y**2 + 2*y - 4. Suppose 4*z + h = 18, -3 = -5*z - 2*h + 18. Calculate the remainder when 22 is divided by c(z).
4
Suppose 250 = -2*g - 60. Let o = -91 - g. Calculate the remainder when o is divided by 22.
20
Let i be (-24)/2*(-3)/(-6). Calculate the remainder when (38/(-4))/(3/i) is divided by 11.
8
Let o be 4 - (2 - 3) - 3. Let i be (-1)/2 + (-5)/(-2). Suppose i*d = 2, 3*h + h - 90 = -o*d. What is the remainder when h is divided by 6?
4
Let a(i) = -43*i + 15. Calculate the remainder when a(-6) is divided by 55.
53
Suppose 5 = -0*p - p. Let c(z) = z**3 + 7*z**2 + 5*z + 1. Calculate the remainder when c(p) is divided by (-83)/(-9) - 6/27.
8
Suppose -5 = b + 2*d, 4*b + b + 4*d + 1 = 0. Calculate the remainder when 29 is divided by ((-3)/b)/(1/(-8)).
5
Let b = -2 - -17. Let s = -7 + b. Calculate the remainder when 24 + -2 + 1 + -1 is divided by s.
6
Calculate the remainder when 47 is divided by (-5)/15 + (-10)/(-3).
2
Suppose s - 14 = -3*x + 4, -5*x + 60 = 5*s. Let l = -5 + 8. Calculate the remainder when s is divided by l.
0
Let i(d) = -2*d**3 + 2*d**2 - 1. Let s be i(-1). Let y(o) = 24*o**2 - 3*o - 1. Let p be y(s). Calculate the remainder when 28 is divided by (-4)/(-14) + p/14.
13
Suppose 3*n - 7 - 20 = 0. Calculate the remainder when 17 is divided by n.
8
Let w = -17 - -27. Let i be (-8)/w*25/(-10). Suppose 0*v - 28 = -i*v. Calculate the remainder when 41 is divided by v.
13
Let a = -87 + 191. What is the remainder when a is divided by 21?
20
Let z = -18 - -27. Suppose 3 = -2*t + z. Calculate the remainder when 8 is divided by t.
2
Let n(v) = -v**2 - 8*v + 2. Suppose 0 = 2*z + 2*z - 16. Suppose -196 = -z*w - 0*w. Calculate the remainder when w is divided by n(-5).
15
Calculate the remainder when 11 is divided by (-60)/(-5)*(-1)/(-3).
3
Let y(r) = -r**2 + 4. Let d be y(0). Suppose 2*g = g - d*w - 20, -g + 7 = -5*w. Let a(i) = -3*i - 10. What is the remainder when 55 is divided by a(g)?
13
Let o(u) = -u**3 + 2*u**2 + 2*u - 3. Let p be o(3). Let a = p + 16. What is the remainder when 29*(-2)/(-4)*2 is divided by a?
9
Let f be ((-8)/(-10))/((-4)/50). Let n(c) = -c**3 - 11*c**2 - 9*c + 3. Let t be n(f). What is the remainder when 68 is divided by (-163)/t - (-4)/(-14)?
22
Suppose -2*h + 36 = h. Let x be 8/h - 11/3. What is the remainder when 29 is divided by 6/(-4)*20/x?
9
Let m(g) = g - 6. Let j be m(0). Let n = 8 + j. Suppose 2*s - 18 = -n*v, -6*v = -4*s - v + 45. What is the remainder when s is divided by 4?
2
Suppose 4*o - 107 + 17 = -g, 114 = 5*o + 2*g. What is the remainder when 84 is divided by o?
18
Suppose 49*f - 22 = 47*f. Calculate the remainder when 31 is divided by f.
9
Let m = 49 + 103. Calculate the remainder when m is divided by 31.
28
Suppose 5*k + 5*s + 80 = 0, s + 4*s + 38 = -3*k. Let m be 183/k + 4/(-14). Let w = 21 + m. Calculate the remainder when 35 is divided by w.
11
Let h(r) be the first derivative of -r**3/3 - 3*r**2 + 2*r - 3. Calculate the remainder when h(-4) is divided by 7.
3
Suppose -22*d - 72 = -28*d. What is the remainder when 31 is divided by d?
7
Let c be 1*4 + 0/1. Suppose 3*t + 5 = 5*u - c*u, u = -5*t + 5. Let j(m) = -3*m - 6. Calculate the remainder when j(-5) is divided by u.
4
Let o(t) = 0 - 1 + t + 4. Let c(y) = 7*y**2 + y - 2. Calculate the remainder when c(2) is divided by o(7).
8
Suppose 5*y = 15 - 5. What is the remainder when (10 + 0)*y/4 is divided by (-12)/9*(-6)/4?
1
Suppose 0 = -2*t + 6*k - k + 25, -3 = -3*k. What is the remainder when 28 is divided by t?
13
Suppose 0 = -6*c + 18. What is the remainder when c is divided by 1?
0
Let x(s) = -3*s - 3. Let g(j) = -2*j - 3. Let f(c) = -4*g(c) + 3*x(c). Suppose -6*d + 0 - 24 = 0. Calculate the remainder when 13 is divided by f(d).
6
Let f = 13 + -17. Let h(k) = 2*k**2 - 8*k + 4. What is the remainder when (f/(-12))/((-1)/(-117)) is divided by h(5)?
11
Suppose 0 = 4*k - 7*k + 102. Calculate the remainder when 131 is divided by k.
29
Suppose 5*k = -0*k + 190. Calculate the remainder when k is divided by (-4)/12 - (-80)/6.
12
Let c = -3 - -5. Suppose -3*k = 2*k - 20. Suppose 5*j + 25 = 0, -k*a - c*j + j = -99. What is the remainder when a is divided by 9?
8
Let l(x) = -x**2 + 12*x + 9. What is the remainder when 55 is divided by l(10)?
26
Let t = 112 - 62. Let j = t - 35. What is the remainder when 28 is divided by j?
13
Let g(j) = j + 6. Let d be 1/((-4)/(-6) - 1). Calculate the remainder when 8 is divided by g(d).
2
Let l(z) = -z**2 + 11*z - 9. Let o be l(10). Calculate the remainder when 8 is divided by 120/6*o/4.
3
Let b(a) = -a**3 + 9*a**2 + 12*a - 4. Let x be (-4 - -1) + 13/1. Calculate the remainder when 61 is divided by b(x).
13
Calculate the remainder when 49 is divided by (1 + 5 + -4)*19/2.
11
Suppose 5*p + 249 - 44 = 4*o, 2*p - 98 = -2*o. Calculate the remainder when o is divided by 14.
8
Let s(t) = 29*t - 4. Let b(l) = -l - 11. Let n be b(-13). What is the remainder when s(n) is divided by 14?
12
What is the remainder when 59 is divided by -12 - -27 - (-2)/2?
11
Suppose 0*p = p - 5. Let r(h) = -3*h - 10. Let v(y) = -y - 3. Let g(x) = -4*r(x) + 11*v(x). What is the remainder when g(7) is divided by p?
4
Suppose -4*y - 4*q + 284 = 0, -q + 0 = -3. What is the remainder when y is divided by 14?
12
Suppose 2*f + b + 2 = 0, f - 4*b - 11 = 6*f. Calculate the remainder wh